vative of -1/2*t**3 - 1/30*t**5 + d*t**4 + 0*t + 0 + t**2. Calculate r(3).
-12
Let u(r) = 818*r + 2 + 2*r**3 - 818*r + r**2. Suppose 3*k = -k + 20. Suppose k*n + 2 = -8. Give u(n).
-10
Suppose 2*y + 9 = -s, 5*y - 8 = 3*s - 25. Let w be -3 - 9/s - 2. Let b(f) = w + 0*f - 4 - 3*f. Give b(4).
-12
Let l(v) = -v**2 - 4*v + 7. Let t be l(-6). Let g(m) = m**3 + 5*m**2 - 3*m - 6. Let w be g(t). Let z(i) = -i**3 + 9*i**2 - i + 4. Give z(w).
-5
Let v(y) = -26*y - 2 + 63*y - 43*y. Give v(-2).
10
Let u(a) = 3*a**2 - 8*a - 1. Let k(v) = v**2 - v + 1. Let y(c) = -2*k(c) + u(c). Let b(o) = 5*o + 5*o**3 - o**3 + 7*o**2 - 3*o**3. Let d be b(-6). Give y(d).
-3
Let z = 8 - -17. Let m(u) = 14*u - z*u - 6 + 12*u. Determine m(5).
-1
Let w(o) = -o + 9. Let g be w(7). Let x be 5 + (4 - g/2). Let c(v) = -x - 300*v + 0*v**2 + v**2 + 305*v. Determine c(-6).
-2
Let o(i) = i**2 - 7*i - 6. Let l be o(8). Suppose -l = -2*t, -5*g + 4*t + 37 = -29. Let x(h) = 5 + g*h - 10*h + 0. Give x(-4).
-11
Let x(s) = -s - 6. Let g be x(-8). Let v(t) = t + 0*t - 9 + 6 + t**g. Let i(y) = -y**2 - 12*y - 15. Let k be i(-11). Give v(k).
9
Suppose 4*z - 2*r + r = 8, 3*z + r = 6. Suppose -o - 2 = -z*b, -4*o + 4 = -5*b - 0. Let l(a) = -a**2 + 3*a + 3. Calculate l(o).
-15
Let m(x) = -33*x**2 - 4*x + 32*x**2 + 2 + x**3 + 5*x. Let y be m(0). Let r(q) = -4*q**y + q**3 - 2 + 14*q - 5 - 18*q. What is r(5)?
-2
Let f(z) = 11*z**2 - 14*z - 1. Let d(b) = -19*b**2 + 27*b + 2. Let t(a) = -4*d(a) - 7*f(a). What is t(-8)?
15
Let b(a) = 3*a**2 - 4*a + 10. Let c(d) = 4*d**2 - 2*d + 9. Let h(r) = 5*b(r) - 4*c(r). What is h(-13)?
1
Let t = -681 + 680. Let y(k) = -8 - 1 + 6 + 4*k + 2. Determine y(t).
-5
Let d(q) be the second derivative of 7/6*q**3 + 13*q + 0 + 1/12*q**4 + 3/2*q**2. What is d(-6)?
-3
Let c(d) = -2*d**2 + d. Let s(x) = x**2 + x + 1. Suppose -5*j + 34 = 5*a + 4, -4*j - 1 = -a. Let q(u) = j*c(u) + 4*s(u). Calculate q(-4).
16
Let h = -1906 + 2756. Let k(g) = 854 + g - h + 0*g. What is k(0)?
4
Let d(a) = 3*a**3 + 5*a**2 + 0*a**2 - 1 - 3*a**2. Let x be 798/105 - (-4)/10. Suppose -x*u = -3*u + 5. What is d(u)?
-2
Let l(f) = f**2 - 7*f + 5. Let o(c) = -c**3 + c**2 + 5. Let s be o(0). Suppose 0 = s*r + 4*x - 51, -2*x = r - 3*x - 12. Let u = -7 + r. Calculate l(u).
-7
Let g(q) = q**2 + 7*q - 5. Let z be (-132)/16 - 3/(-12). Let r be g(z). Suppose -r*a = a. Let x(f) = -f + 7. What is x(a)?
7
Let b(k) = k**3 + 5*k**2 + 6*k + 4. Let p(w) = w + 7. Let q be p(-10). Let i be (-21)/6*2 - q. Give b(i).
-4
Let t = -8 - -2. Let y(f) = 2*f + 111 - f - 56 - 49. Calculate y(t).
0
Let t(y) = 2*y**3 - 7*y**2 - 5*y - 40. Let c(u) = -u**3 + 3*u**2 + 2*u + 19. Let a(q) = -9*c(q) - 4*t(q). Determine a(0).
-11
Suppose -3*o = 39 + 33. Let w be 4/26 - o/(-156). Let p(g) = -g + w*g**2 + g**2 + 0*g + 0*g**2. Calculate p(1).
0
Let t be 29/87*(3 + -21). Let b(d) = d**3 + 5*d**2 - 10*d - 8. Determine b(t).
16
Suppose -6*q + 31 = 5*w - 2*q, 5*w + 3*q - 32 = 0. Suppose -s + 8*g + 1 = w*g, 2*s - g = 7. Let a(k) = -k - k**3 + 0 + 8 + 6*k**2 - k. Calculate a(s).
-4
Let s(b) = b**3 + 6*b**2 - 6*b + 10. Let q = -1293 - -1286. Determine s(q).
3
Let h be 0 - (4 - 0) - (2 - 6). Let f(o) = o**2 - 7. Calculate f(h).
-7
Let q(g) = -g**3 - g - 1. Let a be (1 - 3/2)*0. Suppose a*y + 2*y - 84 = 0. Let p(b) = 49*b**3 + 42*b + 42. Let d(x) = y*q(x) + p(x). Determine d(-1).
-7
Let j be -2 + 2 + (-2 - 0). Let w be ((-126)/36)/(j - (-3)/2). Let n(z) = z**3 - 7*z**2 - 2*z - 6. Determine n(w).
-20
Let d(w) = -5*w + w - 2*w + 10*w. Let x(l) = -28*l + 1. Let n be x(1). Let o = n - -25. Determine d(o).
-8
Let w(t) = -t + 1. Let b(p) = -7. Let s(n) = b(n) - 2*w(n). Suppose 17*d - 37 = 65. What is s(d)?
3
Let f(h) = -23*h - 128. Let y be f(-6). Let r(b) = b - 16. What is r(y)?
-6
Let b(c) = 5*c - 9. Let q = 33 - 22. Let i(a) = q - 6 - 4 + a. Let v(l) = b(l) - 6*i(l). Calculate v(0).
-15
Let w = 28 - 28. Let k(r) be the third derivative of 0*r - 1/24*r**4 - 1/3*r**3 - 1/60*r**5 + w - 5*r**2. What is k(2)?
-8
Let g(r) = 5*r**2 - r - 3*r**2 - r**2. Suppose j - 8 - 1 = -2*d, 0 = 4*d - 5*j + 3. Let w be (2*d/(-2))/(-1). Calculate g(w).
6
Let q(z) be the third derivative of z**4/12 - 2*z**3/3 + 21*z**2. Suppose -3*s + 10 + 8 = 0. Determine q(s).
8
Let j(k) = -13*k - 102. Let t be j(-8). Let z(h) = -h**2 - 3*h. Calculate z(t).
-10
Suppose 2*w = 13 - 21. Let d(s) = -s**2 - 8*s - 13. Give d(w).
3
Let u(m) be the first derivative of -5/3*m**3 + 6*m - 1/4*m**4 - 2*m**2 - 8. Let k be u(-4). Let i(x) = x + 4. Give i(k).
10
Suppose 5*f - 4*n + 6 = -2*n, -f = -n + 3. Suppose 192*o - 190*o - 566 = 0. Let a(h) = -o + h + 572 - 287. Calculate a(f).
2
Let g be (9/(-15) + 1)*-10. Let q(u) be the second derivative of -1/3*u**4 - 1/3*u**3 - 2*u - 1/20*u**5 + 0 - u**2. What is q(g)?
6
Let i(t) be the first derivative of 25 + t + 1/2*t**2. Calculate i(-4).
-3
Suppose 6*n - 6 - 12 = 0. Let l(t) = 8*t + 8*t**2 + 18*t**3 + 7 - 9*t**3 - 8*t**n. Calculate l(-7).
0
Suppose -288 = 41*u - 1. Let b(s) = -3*s - 5. What is b(u)?
16
Let g = 1 - 7. Let x(i) be the second derivative of i**3/3 - 46*i. Let r(v) = 7*v - 1. Let m(q) = 6*r(q) - 22*x(q). Give m(g).
6
Suppose -4*d + 19 = -5*f, 0 = 3*d + f - 33 - 5. Let z(o) = 18*o - 6*o - d*o - 13. What is z(0)?
-13
Suppose 6 = 2*p + 4*g, 4*g = -3*p + 8*p - 29. Suppose z + 5*h + 38 = 0, -p*h + 56 = -4*z - h. Let u be 2 - 1 - z/6. Let q(k) = -3*k + 3. Determine q(u).
-9
Suppose 2*u + 2*u - 12 = 0. Let o(s) be the first derivative of 2*s**2 - 4*s - 31. Give o(u).
8
Suppose -4*t = -4*z + 16, 1229*z + 2*t = 1228*z + 4. Let q(h) be the third derivative of -h**4/24 - h**3/6 + h**2. What is q(z)?
-5
Let y(q) = -q**3 + q**2 - q - 2. Let g(u) = 2*u**2 - 26*u + 22. Let s be g(12). Calculate y(s).
12
Let v(h) = 5*h + 1. Let i(w) = 10*w + 148. Let r be i(-15). Give v(r).
-9
Let q(g) = -g**2. Let l(i) = -i + 34. Let h be l(32). Calculate q(h).
-4
Suppose -21*h + 211 + 119 = -131*h. Let t be (8/(-6))/((-4)/6). Let b(p) = 5 - 4*p + 3*p + t*p. Calculate b(h).
2
Let j(q) = -6*q - 2. Let i = 932 - 934. What is j(i)?
10
Let b(n) = 6*n. Let m(t) = 3*t**2 - 54*t - 1. Let w be m(18). Calculate b(w).
-6
Let o(d) be the second derivative of d**4/12 - d**3 + 9*d**2/2 - 208*d. Give o(7).
16
Let r be (-1 + (-54)/4)/((-18)/72). Let z(c) = -r*c + 20*c + 17*c. What is z(-1)?
21
Let f be -4*(45/12)/3. Let q(a) = 28*a**2 - 9*a - 7. Let w(m) = -19*m**2 + 6*m + 5. Let y(p) = f*q(p) - 7*w(p). What is y(2)?
-22
Let g(y) = 17*y + 16*y - 29*y - 8. Give g(4).
8
Let n(o) = -o**3 - 2*o**2 - 3*o - 3. Let a(i) = i**2 - 9*i + 14. Let r be a(11). Suppose 17*j = 5*j - r. Determine n(j).
15
Let y = 6 + -4. Suppose -y*n = 3*n - 25. Let l(t) = -9 - 2*t + 6 - t + n. Give l(-6).
20
Let c(b) be the first derivative of -9 + 1/2*b**2 - 6*b. Calculate c(0).
-6
Let p(v) = 194*v - 100*v - v**2 - 93*v + 10. Give p(0).
10
Let u(p) = -p - 4. Let t(q) = 3*q + 9. Let k(o) = -3*t(o) - 5*u(o). Let m(y) = -4*y**2 + 12*y - 5. Let z be m(0). Determine k(z).
13
Let t(w) = 9*w + 1. Let i(q) = -q**2 - 4*q + 6. Let j be i(-5). What is t(j)?
10
Let c = 981 - 980. Let s(u) = 23*u - 1. What is s(c)?
22
Let m = -12 + 19. Let j(n) = -2*n**3 - m + 3*n**3 - 3*n + 9*n**3 - 3*n**2. Let c(o) = -3*o**3 + o**2 + o + 2. Let h(k) = -7*c(k) - 2*j(k). Determine h(-1).
-1
Let p(t) be the third derivative of t**5/60 + t**4/24 + t**3/2 - 140*t**2. Give p(-3).
9
Suppose -3*x + 3 = 4*w, -4*w + 2*w = 3*x + 3. Let k(i) be the third derivative of 0*i - 1/24*i**4 - 2/3*i**w + 0 - 5*i**2. Give k(-5).
1
Let y(r) be the second derivative of r**7/840 + 7*r**6/360 + 7*r**5/120 + r**4/4 - 3*r**3/2 + 13*r. Let c(z) be the second derivative of y(z). Calculate c(-6).
0
Let i(x) be the second derivative of -x**4/12 - 3*x**3/2 - 15*x**2/2 + 45*x. What is i(-7)?
-1
Let w(t) = -43 - 7*t - 4*t**2 + 42 + 3*t**2. Give w(-6).
5
Let t(b) = b - 1. Let c(f) = -11*f + 5. Let d(u) = -c(u) - 6*t(u). What is d(-7)?
-34
Let g(i) = i**2 - 6*i - 4. Suppose -1 = -2*k + 13. Let q be g(k). Suppose 2*h - 15 = -4*b + q*h, -3*b + 3*h = 0. Let v(y) = -y**2 + 4*y - 2. Determine v(b).
-7
Let h be (-34)/(-9) + (-2)/(-9). Let t(g) = -2*g**2 - 1 + h*g + 0*g**2 - 3*g. Let k(l) = -l**3 + 14*l**2 + 30*l + 30. Let o be k(16). Calculate t(o).
-11
Let f(y) be the first derivative of y**2/